{"id":1243,"date":"2023-09-29T15:47:36","date_gmt":"2023-09-29T12:47:36","guid":{"rendered":"https:\/\/masaldanismanlik.com\/?page_id=1243"},"modified":"2023-09-29T16:04:43","modified_gmt":"2023-09-29T13:04:43","slug":"regresyon-terapisi","status":"publish","type":"page","link":"https:\/\/masaldanismanlik.com\/index.php\/regresyon-terapisi\/","title":{"rendered":"Regresyon Terapisi"},"content":{"rendered":"\t\t<div data-elementor-type=\"wp-post\" data-elementor-id=\"1243\" class=\"elementor elementor-1243\">\n\t\t\t\t\t\t\t\t\t<section class=\"elementor-section elementor-top-section elementor-element elementor-element-9e9a9ca elementor-section-boxed elementor-section-height-default elementor-section-height-default\" data-id=\"9e9a9ca\" data-element_type=\"section\">\n\t\t\t\t\t\t<div class=\"elementor-container elementor-column-gap-default\">\n\t\t\t\t\t<div class=\"elementor-column elementor-col-50 elementor-top-column elementor-element elementor-element-1e55b3f\" data-id=\"1e55b3f\" data-element_type=\"column\">\n\t\t\t<div class=\"elementor-widget-wrap elementor-element-populated\">\n\t\t\t\t\t\t\t\t<div class=\"elementor-element elementor-element-e425e9e elementor-widget elementor-widget-image\" data-id=\"e425e9e\" data-element_type=\"widget\" data-widget_type=\"image.default\">\n\t\t\t\t<div class=\"elementor-widget-container\">\n\t\t\t<style>\/*! elementor - v3.15.0 - 09-08-2023 *\/\n.elementor-widget-image{text-align:center}.elementor-widget-image a{display:inline-block}.elementor-widget-image a img[src$=\".svg\"]{width:48px}.elementor-widget-image img{vertical-align:middle;display:inline-block}<\/style>\t\t\t\t\t\t\t\t\t\t\t\t<img loading=\"lazy\" decoding=\"async\" width=\"960\" height=\"596\" src=\"https:\/\/masaldanismanlik.com\/wp-content\/uploads\/2023\/09\/Eye-7.jpg\" class=\"attachment-full size-full wp-image-1235\" alt=\"\" srcset=\"https:\/\/masaldanismanlik.com\/wp-content\/uploads\/2023\/09\/Eye-7.jpg 960w, https:\/\/masaldanismanlik.com\/wp-content\/uploads\/2023\/09\/Eye-7-300x186.jpg 300w, https:\/\/masaldanismanlik.com\/wp-content\/uploads\/2023\/09\/Eye-7-768x477.jpg 768w\" sizes=\"auto, (max-width: 960px) 100vw, 960px\" \/>\t\t\t\t\t\t\t\t\t\t\t\t\t\t\t<\/div>\n\t\t\t\t<\/div>\n\t\t\t\t\t<\/div>\n\t\t<\/div>\n\t\t\t\t<div class=\"elementor-column elementor-col-50 elementor-top-column elementor-element elementor-element-77980f6 animated-slow elementor-invisible\" data-id=\"77980f6\" data-element_type=\"column\" data-settings=\"{&quot;animation&quot;:&quot;fadeInLeft&quot;}\">\n\t\t\t<div class=\"elementor-widget-wrap elementor-element-populated\">\n\t\t\t\t\t\t\t\t<div class=\"elementor-element elementor-element-63ac6d5 elementor-widget__width-initial elementor-widget-divider--view-line elementor-widget elementor-widget-divider\" data-id=\"63ac6d5\" data-element_type=\"widget\" data-widget_type=\"divider.default\">\n\t\t\t\t<div class=\"elementor-widget-container\">\n\t\t\t<style>\/*! elementor - v3.15.0 - 09-08-2023 *\/\n.elementor-widget-divider{--divider-border-style:none;--divider-border-width:1px;--divider-color:#0c0d0e;--divider-icon-size:20px;--divider-element-spacing:10px;--divider-pattern-height:24px;--divider-pattern-size:20px;--divider-pattern-url:none;--divider-pattern-repeat:repeat-x}.elementor-widget-divider .elementor-divider{display:flex}.elementor-widget-divider .elementor-divider__text{font-size:15px;line-height:1;max-width:95%}.elementor-widget-divider .elementor-divider__element{margin:0 var(--divider-element-spacing);flex-shrink:0}.elementor-widget-divider .elementor-icon{font-size:var(--divider-icon-size)}.elementor-widget-divider .elementor-divider-separator{display:flex;margin:0;direction:ltr}.elementor-widget-divider--view-line_icon .elementor-divider-separator,.elementor-widget-divider--view-line_text .elementor-divider-separator{align-items:center}.elementor-widget-divider--view-line_icon .elementor-divider-separator:after,.elementor-widget-divider--view-line_icon .elementor-divider-separator:before,.elementor-widget-divider--view-line_text .elementor-divider-separator:after,.elementor-widget-divider--view-line_text .elementor-divider-separator:before{display:block;content:\"\";border-bottom:0;flex-grow:1;border-top:var(--divider-border-width) var(--divider-border-style) var(--divider-color)}.elementor-widget-divider--element-align-left .elementor-divider .elementor-divider-separator>.elementor-divider__svg:first-of-type{flex-grow:0;flex-shrink:100}.elementor-widget-divider--element-align-left .elementor-divider-separator:before{content:none}.elementor-widget-divider--element-align-left .elementor-divider__element{margin-left:0}.elementor-widget-divider--element-align-right .elementor-divider .elementor-divider-separator>.elementor-divider__svg:last-of-type{flex-grow:0;flex-shrink:100}.elementor-widget-divider--element-align-right .elementor-divider-separator:after{content:none}.elementor-widget-divider--element-align-right .elementor-divider__element{margin-right:0}.elementor-widget-divider:not(.elementor-widget-divider--view-line_text):not(.elementor-widget-divider--view-line_icon) .elementor-divider-separator{border-top:var(--divider-border-width) var(--divider-border-style) var(--divider-color)}.elementor-widget-divider--separator-type-pattern{--divider-border-style:none}.elementor-widget-divider--separator-type-pattern.elementor-widget-divider--view-line .elementor-divider-separator,.elementor-widget-divider--separator-type-pattern:not(.elementor-widget-divider--view-line) .elementor-divider-separator:after,.elementor-widget-divider--separator-type-pattern:not(.elementor-widget-divider--view-line) .elementor-divider-separator:before,.elementor-widget-divider--separator-type-pattern:not([class*=elementor-widget-divider--view]) .elementor-divider-separator{width:100%;min-height:var(--divider-pattern-height);-webkit-mask-size:var(--divider-pattern-size) 100%;mask-size:var(--divider-pattern-size) 100%;-webkit-mask-repeat:var(--divider-pattern-repeat);mask-repeat:var(--divider-pattern-repeat);background-color:var(--divider-color);-webkit-mask-image:var(--divider-pattern-url);mask-image:var(--divider-pattern-url)}.elementor-widget-divider--no-spacing{--divider-pattern-size:auto}.elementor-widget-divider--bg-round{--divider-pattern-repeat:round}.rtl .elementor-widget-divider .elementor-divider__text{direction:rtl}.e-con-inner>.elementor-widget-divider,.e-con>.elementor-widget-divider{width:var(--container-widget-width,100%);--flex-grow:var(--container-widget-flex-grow)}<\/style>\t\t<div class=\"elementor-divider\">\n\t\t\t<span class=\"elementor-divider-separator\">\n\t\t\t\t\t\t<\/span>\n\t\t<\/div>\n\t\t\t\t<\/div>\n\t\t\t\t<\/div>\n\t\t\t\t<div class=\"elementor-element elementor-element-78a6bad elementor-widget__width-auto elementor-widget elementor-widget-heading\" data-id=\"78a6bad\" data-element_type=\"widget\" data-settings=\"{&quot;_animation&quot;:&quot;none&quot;,&quot;_animation_delay&quot;:300}\" data-widget_type=\"heading.default\">\n\t\t\t\t<div class=\"elementor-widget-container\">\n\t\t\t<style>\/*! elementor - v3.15.0 - 09-08-2023 *\/\n.elementor-heading-title{padding:0;margin:0;line-height:1}.elementor-widget-heading .elementor-heading-title[class*=elementor-size-]>a{color:inherit;font-size:inherit;line-height:inherit}.elementor-widget-heading .elementor-heading-title.elementor-size-small{font-size:15px}.elementor-widget-heading .elementor-heading-title.elementor-size-medium{font-size:19px}.elementor-widget-heading .elementor-heading-title.elementor-size-large{font-size:29px}.elementor-widget-heading .elementor-heading-title.elementor-size-xl{font-size:39px}.elementor-widget-heading .elementor-heading-title.elementor-size-xxl{font-size:59px}<\/style><h3 class=\"elementor-heading-title elementor-size-default\">masal dan\u0131\u015fmanl\u0131k<\/h3>\t\t<\/div>\n\t\t\t\t<\/div>\n\t\t\t\t<div class=\"elementor-element elementor-element-5a2c428 elementor-widget elementor-widget-heading\" data-id=\"5a2c428\" data-element_type=\"widget\" data-widget_type=\"heading.default\">\n\t\t\t\t<div class=\"elementor-widget-container\">\n\t\t\t<h2 class=\"elementor-heading-title elementor-size-default\">REGRESYON TERAP\u0130S\u0130<\/h2>\t\t<\/div>\n\t\t\t\t<\/div>\n\t\t\t\t<div class=\"elementor-element elementor-element-a0a3290 elementor-widget elementor-widget-text-editor\" data-id=\"a0a3290\" data-element_type=\"widget\" data-widget_type=\"text-editor.default\">\n\t\t\t\t<div class=\"elementor-widget-container\">\n\t\t\t<style>\/*! elementor - v3.15.0 - 09-08-2023 *\/\n.elementor-widget-text-editor.elementor-drop-cap-view-stacked .elementor-drop-cap{background-color:#69727d;color:#fff}.elementor-widget-text-editor.elementor-drop-cap-view-framed .elementor-drop-cap{color:#69727d;border:3px solid;background-color:transparent}.elementor-widget-text-editor:not(.elementor-drop-cap-view-default) .elementor-drop-cap{margin-top:8px}.elementor-widget-text-editor:not(.elementor-drop-cap-view-default) .elementor-drop-cap-letter{width:1em;height:1em}.elementor-widget-text-editor .elementor-drop-cap{float:left;text-align:center;line-height:1;font-size:50px}.elementor-widget-text-editor .elementor-drop-cap-letter{display:inline-block}<\/style>\t\t\t\t<p><strong>Bilin\u00e7alt\u0131 D\u00f6n\u00fc\u015ft\u00fcrme Teknikleri<\/strong><\/p><p>Regresyon terapisi, ge\u00e7mi\u015fteki travmatik olaylar\u0131, an\u0131lar\u0131 ve duygusal deneyimleri ele alarak psikolojik rahatlama ve ki\u015fisel geli\u015fim sa\u011flayan bir terapi y\u00f6ntemidir. Bu terapi t\u00fcr\u00fc, ki\u015finin bilin\u00e7alt\u0131ndaki derin katmanlara inmesine ve orada gizlenmi\u015f sorunlar\u0131 \u00e7\u00f6zmesine yard\u0131mc\u0131 olabilir.<\/p>\t\t\t\t\t\t<\/div>\n\t\t\t\t<\/div>\n\t\t\t\t\t<\/div>\n\t\t<\/div>\n\t\t\t\t\t\t\t<\/div>\n\t\t<\/section>\n\t\t\t\t<section class=\"elementor-section elementor-top-section elementor-element elementor-element-5bbc835 elementor-section-content-middle elementor-section-boxed elementor-section-height-default elementor-section-height-default\" data-id=\"5bbc835\" data-element_type=\"section\" data-settings=\"{&quot;background_background&quot;:&quot;classic&quot;,&quot;shape_divider_top&quot;:&quot;tilt&quot;}\">\n\t\t\t\t\t\t\t<div class=\"elementor-background-overlay\"><\/div>\n\t\t\t\t\t\t<div class=\"elementor-shape elementor-shape-top\" data-negative=\"false\">\n\t\t\t<svg xmlns=\"http:\/\/www.w3.org\/2000\/svg\" viewBox=\"0 0 1000 100\" preserveAspectRatio=\"none\">\n\t<path class=\"elementor-shape-fill\" d=\"M0,6V0h1000v100L0,6z\"\/>\n<\/svg>\t\t<\/div>\n\t\t\t\t\t<div class=\"elementor-container elementor-column-gap-default\">\n\t\t\t\t\t<div class=\"elementor-column elementor-col-100 elementor-top-column elementor-element elementor-element-c1533f8\" data-id=\"c1533f8\" data-element_type=\"column\">\n\t\t\t<div class=\"elementor-widget-wrap elementor-element-populated\">\n\t\t\t\t\t\t\t\t<div class=\"elementor-element elementor-element-265251a elementor-widget elementor-widget-text-editor\" data-id=\"265251a\" data-element_type=\"widget\" data-widget_type=\"text-editor.default\">\n\t\t\t\t<div class=\"elementor-widget-container\">\n\t\t\t\t\t\t\t<p><strong>Regresyon Terapisi Nedir?<\/strong><\/p><p>Regresyon terapisi, ki\u015finin ge\u00e7mi\u015f ya\u015fam deneyimlerine ve hatta ge\u00e7mi\u015f ya\u015famlar\u0131na d\u00f6nmesini hedefler. Bu terapi t\u00fcr\u00fc, ki\u015finin zihinsel ve duygusal sa\u011fl\u0131\u011f\u0131n\u0131 iyile\u015ftirmek ve i\u00e7sel sorunlar\u0131 \u00e7\u00f6zmek i\u00e7in bu derinlemesine yolculu\u011fu kullan\u0131r. Regresyon terapisinde, ki\u015fi genellikle bir terapist rehberli\u011finde derin bir gev\u015feme durumuna sokulur ve daha \u00f6nce hat\u0131rlamad\u0131\u011f\u0131 veya bilincinde olmayan olaylar\u0131 hat\u0131rlama ve yeniden deneyimleme \u015fans\u0131 bulur.<\/p><p><strong>Regresyon Terapisinin Y\u00f6ntemleri<\/strong><\/p><p>Regresyon terapisinin farkl\u0131 y\u00f6ntemleri vard\u0131r, ancak en yayg\u0131n kullan\u0131lanlar aras\u0131nda hipnoterapi ve rehberli imgeler yer al\u0131r. Hipnoterapi, ki\u015finin trans benzeri bir duruma girmesine yard\u0131mc\u0131 olur ve bu durumda ge\u00e7mi\u015f deneyimlere eri\u015fim sa\u011flar. Rehberli imgeler ise ki\u015finin zihinsel bir yolculu\u011fa \u00e7\u0131kmas\u0131n\u0131 ve ge\u00e7mi\u015f olaylar\u0131 g\u00f6rselle\u015ftirmesini sa\u011flar.<\/p><p><strong>Regresyon Terapisinin Faydalar\u0131<\/strong><\/p><ol><li><p><strong>Travma \u0130yile\u015fmesi<\/strong>: Regresyon terapisi, ki\u015finin ge\u00e7mi\u015fteki travmatik deneyimlerle y\u00fczle\u015fmesine ve bu deneyimlerin \u00fcstesinden gelmesine yard\u0131mc\u0131 olabilir. Bu, post-travmatik stres bozuklu\u011fu (PTSD) gibi durumlar\u0131n tedavisinde etkili olabilir.<\/p><\/li><li><p><strong>Duygusal Rahatlama<\/strong>: Ki\u015filer, ge\u00e7mi\u015fteki duygusal y\u00fcklerden kurtulduklar\u0131nda daha fazla i\u00e7sel huzura ula\u015fabilirler. Bu, kayg\u0131, depresyon ve \u00f6fke gibi duygusal sorunlar\u0131n y\u00f6netiminde yard\u0131mc\u0131 olabilir.<\/p><\/li><li><p><strong>Ki\u015fisel Geli\u015fim<\/strong>: Regresyon terapisi, ki\u015finin kendini daha iyi anlamas\u0131na ve ki\u015fisel geli\u015fimini desteklemesine yard\u0131mc\u0131 olabilir. Ki\u015fi, ge\u00e7mi\u015f ya\u015fam deneyimlerinden dersler \u00e7\u0131karabilir ve bu dersleri g\u00fcnl\u00fck ya\u015fam\u0131na uygulayabilir.<\/p><\/li><\/ol><p><strong>Sonu\u00e7<\/strong><\/p><p>Regresyon terapisi, ki\u015finin bilin\u00e7alt\u0131n\u0131n derinliklerine inmesini ve orada sakl\u0131 olan sorunlar\u0131 \u00e7\u00f6zmesini sa\u011flayan etkili bir terapi y\u00f6ntemidir. Ancak bu terapi t\u00fcr\u00fcn\u00fcn etkili olabilmesi i\u00e7in deneyimli bir terapist rehberli\u011finde uygulanmas\u0131 \u00f6nemlidir. Regresyon terapisi, ki\u015fisel b\u00fcy\u00fcme ve psikolojik iyile\u015fme yolculu\u011funda yard\u0131mc\u0131 olabilir.<\/p>\t\t\t\t\t\t<\/div>\n\t\t\t\t<\/div>\n\t\t\t\t\t<\/div>\n\t\t<\/div>\n\t\t\t\t\t\t\t<\/div>\n\t\t<\/section>\n\t\t\t\t\t\t\t<\/div>\n\t\t","protected":false},"excerpt":{"rendered":"<p>masal dan\u0131\u015fmanl\u0131k REGRESYON TERAP\u0130S\u0130 Bilin\u00e7alt\u0131 D\u00f6n\u00fc\u015ft\u00fcrme Teknikleri Regresyon terapisi, ge\u00e7mi\u015fteki travmatik olaylar\u0131, an\u0131lar\u0131 ve duygusal deneyimleri ele alarak psikolojik rahatlama ve ki\u015fisel geli\u015fim sa\u011flayan bir terapi y\u00f6ntemidir. Bu terapi t\u00fcr\u00fc, ki\u015finin bilin\u00e7alt\u0131ndaki derin katmanlara inmesine ve orada gizlenmi\u015f sorunlar\u0131 \u00e7\u00f6zmesine yard\u0131mc\u0131 olabilir. Regresyon Terapisi Nedir?&hellip;<\/p>\n","protected":false},"author":1,"featured_media":0,"parent":0,"menu_order":0,"comment_status":"closed","ping_status":"closed","template":"template-parts\/template-page-builders.php","meta":{"footnotes":""},"class_list":["post-1243","page","type-page","status-publish","hentry"],"_links":{"self":[{"href":"https:\/\/masaldanismanlik.com\/index.php\/wp-json\/wp\/v2\/pages\/1243","targetHints":{"allow":["GET"]}}],"collection":[{"href":"https:\/\/masaldanismanlik.com\/index.php\/wp-json\/wp\/v2\/pages"}],"about":[{"href":"https:\/\/masaldanismanlik.com\/index.php\/wp-json\/wp\/v2\/types\/page"}],"author":[{"embeddable":true,"href":"https:\/\/masaldanismanlik.com\/index.php\/wp-json\/wp\/v2\/users\/1"}],"replies":[{"embeddable":true,"href":"https:\/\/masaldanismanlik.com\/index.php\/wp-json\/wp\/v2\/comments?post=1243"}],"version-history":[{"count":4,"href":"https:\/\/masaldanismanlik.com\/index.php\/wp-json\/wp\/v2\/pages\/1243\/revisions"}],"predecessor-version":[{"id":1256,"href":"https:\/\/masaldanismanlik.com\/index.php\/wp-json\/wp\/v2\/pages\/1243\/revisions\/1256"}],"wp:attachment":[{"href":"https:\/\/masaldanismanlik.com\/index.php\/wp-json\/wp\/v2\/media?parent=1243"}],"curies":[{"name":"wp","href":"https:\/\/api.w.org\/{rel}","templated":true}]}}